ors of n?
2, 3, 7
Let h(v) = -2*v**3 - 13*v**2 - 22*v - 6. List the prime factors of h(-9).
3, 199
Let u(o) = -o**2 + 8*o - 12. Let w be u(3). What are the prime factors of (-4 + w)/(2/(-118))?
59
Let g(t) = 2*t**2 - 9*t - 16. Let b be g(12). Suppose -361 = -3*s + b. What are the prime factors of s?
5, 7
Suppose 0 = -0*j + j - w - 3, -15 = -5*j + 2*w. Let d = -40 + 68. Suppose -5*k + 4*p = -d, 2*p - 38 = j*k - 7*k. List the prime factors of k.
2
Let d(i) = -7*i - 3. Let c = 66 + -34. Let j = 24 - c. What are the prime factors of d(j)?
53
Let s(j) = 800*j - 8. What are the prime factors of s(1)?
2, 3, 11
Suppose 3*a - 2*h - 38 = -a, -25 = 5*h. Let l(p) = p**2 + p - 10. What are the prime factors of l(a)?
2, 23
Suppose 5 = 2*w - w. Suppose w*q = 3*b - 22 - 34, -76 = -5*b + 4*q. List the prime factors of b.
2, 3
Suppose -2*l + 9 = t, -t + 3*t - 6 = 0. List the prime factors of (-8 + 7)/(l/(-108)).
2, 3
Let q(c) = -2*c**3 + 10*c**2 + 10*c + 17. Let j(f) = f**3 - 5*f**2 - 5*f - 8. Let r(g) = -13*j(g) - 6*q(g). List the prime factors of r(-3).
59
Let n(m) = m**2 + 48*m + 19. List the prime factors of n(13).
2, 7, 29
Suppose 722*f - 732*f = -45790. What are the prime factors of f?
19, 241
Let s = -2409 - -2510. List the prime factors of s.
101
Let z(x) = 140*x**3 - 4*x**2 + 11*x - 2. What are the prime factors of z(2)?
2, 281
Suppose 43*o - 3668 = 13747. List the prime factors of o.
3, 5
Let o(f) = f**2 + 29*f + 103. List the prime factors of o(-32).
199
Suppose 2*s - 640 = -6*s. List the prime factors of s.
2, 5
What are the prime factors of (-10 + (-558)/(-12))*32/2?
2, 73
Suppose 3*m + 27 = 204. List the prime factors of m + (2/(-2) - 0).
2, 29
Let i = -139 + 1021. What are the prime factors of i?
2, 3, 7
Suppose -6*b - 1 = -13. Let y(f) = 34*f - 2. List the prime factors of y(b).
2, 3, 11
Suppose -j - j = 3*n - 3, j = 4*n - 15. Suppose -d = c - 117, n*c - 46 = -4*d + 427. What are the prime factors of d?
2, 61
Let u be (1 + -3)/(6/9). Let c be u - (-3 - 20/4). Suppose -c*h + 85 = 2*o, 1 - 21 = -4*o. List the prime factors of h.
3, 5
Let t(b) = b**2 + 7*b + 6. Let k be t(-4). Let r be (k/(-5))/(9/(-30)). List the prime factors of ((-34)/17)/(r/66).
3, 11
Suppose 2*c = 4*c - 6. Suppose 327 = 3*s + 4*t, -c*s + 108 + 195 = -4*t. List the prime factors of s.
3, 5, 7
Let h be (-26)/(-9) - (-5)/45. Suppose -5*c + 0*m + 211 = h*m, -2*m + 168 = 4*c. What are the prime factors of c?
41
Let c(q) = q**3 - 12*q**2 + q - 10. Let r be c(12). Suppose r*p + 3*p - 5 = 0. List the prime factors of (-1070)/(-30) - p/(-3).
2, 3
Let n be 4/8 - (-7)/2. Suppose n*a - 14 = 10. Suppose 1 = j - a. What are the prime factors of j?
7
Let j be 1/1*11 + -2. Let c be j*-1 + -3 + 2. Let y = c - -26. What are the prime factors of y?
2
Let u be ((-30)/(-4))/((-14)/(-140)). Let d = -31 + u. What are the prime factors of d?
2, 11
Let h(o) = 75 - 2*o + 6*o - 79 + 12*o**2 + o**3. What are the prime factors of h(-10)?
2, 3, 13
Suppose 0 = 5*s + w - 955, 4*s - 5*w - 601 = s. Let t = 279 - s. What are the prime factors of t?
3, 29
Let o = -900 + 1374. What are the prime factors of o?
2, 3, 79
Suppose -h + 5*h = 0, 5*i = -2*h. Suppose -n = -4*f + 460, i = -2*f - n + 183 + 47. What are the prime factors of f?
5, 23
Suppose -5*p + 204 = -2*p. Suppose 3*z - 5 = -2*z, 4*z - p = -4*y. Suppose 3*d = -12, -2*j = 4*d - y - 40. List the prime factors of j.
2, 3
Suppose -2*i + 3*t + 56 = 0, -2*t + 90 = 4*i + 3*t. Let k = i - 0. Suppose 0 = -2*q, p - 14 = -5*q + k. What are the prime factors of p?
3, 13
Let o be 107 - ((-4)/(-4))/(-1). Let c = -18 + o. List the prime factors of c.
2, 3, 5
Let r(t) = -t**3 - 20*t**2 - 70*t + 26. List the prime factors of r(-18).
2, 11, 29
List the prime factors of 460 + 3 + -6 + -4.
3, 151
Suppose -j + 37 = -5*b, -11 - 2 = j + 5*b. Let n(m) = 16*m + 32. What are the prime factors of n(j)?
2, 7
Suppose 0 = -2*z - 5*g + 259, 6*z - 9*z = -2*g - 360. List the prime factors of z.
2, 61
Let j be 2*(-243)/24 + (-2)/(-8). Let c(t) = -t**3 - 20*t**2 - 2*t + 28. What are the prime factors of c(j)?
2, 17
Let a(i) be the second derivative of 7*i**3/6 - 3*i**2 + 7*i. Let g be a(-10). List the prime factors of ((-9)/6)/(3/g).
2, 19
Let u be 5*(252/35 + (-6)/(-2)). Let g = 66 + u. List the prime factors of g.
3, 13
Suppose -17*s - 56 = -21*s. Suppose 12*p + 36 = s*p. What are the prime factors of p?
2, 3
Suppose 25*h + 3508 = 29*h. What are the prime factors of h?
877
Suppose -3*v + 0*i + 6 = -3*i, 16 = -4*i. Let j(m) = -11*m**3 + m + 4. What are the prime factors of j(v)?
2, 3, 5
Let p be 5/((-25)/(-20)) - -2 - 3. Let n be (2/4)/(1/10). Let j = p + n. What are the prime factors of j?
2
Suppose 501*i - 20285 = 496*i. List the prime factors of i.
4057
Let p = -9 + 3. Let n be (-240)/(-36)*(-4)/((-8)/6). Let k = n + p. What are the prime factors of k?
2, 7
Suppose 0*p - 3*r = -2*p - 96, 5*p - 3*r = -222. What are the prime factors of ((-20)/35)/(3/p)?
2
Let c = 8 - 3. Let b(n) = -n**3 + 6*n**2 - 5*n - 1. Let t be b(c). What are the prime factors of 19 + 1 + t + -1?
2, 3
Let t(o) be the second derivative of -13*o**5/5 + o**3/3 + o**2/2 + 33*o. List the prime factors of t(-1).
3, 17
Suppose -31*t = 280 - 3659. List the prime factors of t.
109
Let f = 139 + 176. What are the prime factors of f?
3, 5, 7
Suppose -3*i = -4*v - 8510, 14*v = 2*i + 9*v - 5671. List the prime factors of i.
2, 3, 11, 43
Let w(p) = p**2 - 4*p - 9. Suppose -3*t + 7 + 47 = 0. Suppose 0*k = -2*k + t. What are the prime factors of w(k)?
2, 3
Suppose -22*s + 1213 = 47. What are the prime factors of s?
53
Suppose 15*w - 12*w - 1251 = 0. What are the prime factors of w?
3, 139
Suppose 2*k = -7*k + 918. Suppose 9*o = 15*o - k. List the prime factors of o.
17
Let x(r) = 5*r**2 - 4*r + 1 + 10*r**2 - 11*r**2. Let p be (-55)/(-20) - (-2)/8. What are the prime factors of x(p)?
5
Let w(i) = -i**3 + 8*i**2 + 6*i - 10. Let y(z) = -z**3 + 11*z**2 + z - 4. Let c be y(11). What are the prime factors of w(c)?
3
Suppose -q + 4*p = 5*p + 7, 0 = -3*q + 5*p - 5. Let c = q + 10. Suppose 5 = 5*m - c. What are the prime factors of m?
2
Let v(d) = 3*d**3 - 46*d**2 + 17*d - 36. Let n be v(15). Let w(b) = 0*b**3 + 9*b**2 + 12*b + 7 - 2*b + b**3. List the prime factors of w(n).
5, 11
Let x be -4 + 2 + -4 + 3. Let d be (12/(-8))/(2/(-4)). List the prime factors of -4 - (d + 93/x).
2, 3
Suppose -5*y - 5 = 4*h, 1 = -3*h - 0*y - y. Let z(v) be the second derivative of -v**5/20 - v**4/12 + v**3/6 + 27*v**2 + 40*v. List the prime factors of z(h).
2, 3
Let i be -2 - (2 - (10 - 1)). Suppose 0 = 2*o + 3*g - 81, -77 = 3*o - i*o + g. List the prime factors of o.
3, 13
Let c = -13 + 21. Let i be (c/(-6))/(7/(-21)). Suppose -i*h - 3 = -19. List the prime factors of h.
2
Suppose -5*j + w + 2860 = -4*w, -3*j + w + 1720 = 0. List the prime factors of j.
2, 7, 41
Let v = -14 - -14. Suppose -2*d = v, 4*b = -3*d + 6 + 2. Suppose 5*w + 44 - 14 = b*l, -3*w = -l + 15. List the prime factors of l.
3, 5
Suppose 4*s - 11 = f, 4*s - 1 = 2*f + 5. Suppose -y = -5*b, -s*b = -0*b - 20. List the prime factors of y.
5
What are the prime factors of (-24)/(-8) - -340 - 8?
5, 67
Suppose -3*b = 1 - 10. Suppose 15 = -3*n, -2*n = z - n - 58. Suppose -b*x + 0*x = -3*f - z, -54 = -2*x - 4*f. List the prime factors of x.
23
Let x(m) = m**2 - 7*m - 7. Let y be x(8). List the prime factors of 442/((-8)/(-4)) + y.
2, 3, 37
Let s(n) = -n**3 + 6*n**2 + 5*n - 20. Suppose -2*v + 14*v = 60. What are the prime factors of s(v)?
2, 3, 5
Suppose 6615 = -7*p + 28*p. What are the prime factors of p?
3, 5, 7
Let s(w) be the second derivative of 2*w**3/3 + 19*w**2/2 - 12*w. What are the prime factors of s(8)?
3, 17
List the prime factors of -8 + 154 + (-2 - 2).
2, 71
Suppose 0 = 4*x + n - 20, 2*n = 3*x - 10 - 16. Suppose 14 = r + 4*l, 2*l - x*l - 40 = -2*r. List the prime factors of r.
2, 3
What are the prime factors of (-7 - -6) + 125 - 3?
11
Let y(b) be the first derivative of 5*b**4/24 + b**3 + 7*b**2/2 + 11. Let z(x) be the second derivative of y(x). List the prime factors of z(9).
3, 17
Let l(r) = -3036*r - 318. What are the prime factors of l(-2)?
2, 3, 7, 137
Let t(d) = 8*d + 3. Let o be t(6). Suppose -5*i + 51 = -69. Suppose i = 3*m - o. What are the prime factors of m?
5
Let u = 27 - 